23.
20
Let a(u) = -12*u - 23. Let l be a(-9). Let q = l + -66. Calculate the remainder when q is divided by 11.
8
Let u(p) = 2*p + 3. Suppose 0 = -5*r + 5, 6 = 5*y - 5*r - 19. Let n = y + 6. Calculate the remainder when u(n) is divided by 10.
7
Let l = 4 + 8. What is the remainder when l is divided by 6/13 + (-2808)/(-507)?
0
Let u = -61 - -66. Suppose 47 = 3*w + u. What is the remainder when w is divided by 3?
2
Suppose 0 = 5*t + t - 318. Calculate the remainder when t is divided by (-1488)/(-108) + 2/9.
11
Suppose -80 = -4*s + 2*g, 0*g - g = 3*s - 60. Suppose 0 = -2*l + 15 - 1. What is the remainder when s is divided by l?
6
Let c(u) = -2*u - 2. Let x be c(-2). Suppose -x*a = -4 - 2. Calculate the remainder when 248/42 - (-4)/42 is divided by a.
0
Suppose 0 = -45*t + 19*t + 1066. What is the remainder when t is divided by 34?
7
Let g = 129 + -72. Calculate the remainder when g is divided by 15.
12
Let n(t) = 42*t + 162. Let w(r) = -6*r - 23. Let j(x) = 2*n(x) + 15*w(x). Suppose -2*c - 36 + 156 = 0. Calculate the remainder when c is divided by j(-7).
18
Let t = -587 + 598. What is the remainder when 76 is divided by t?
10
Suppose -6*l + 60 = -162. What is the remainder when 217 is divided by l?
32
Suppose 4*a + 5*b = 219, -4*a - 5*b + 213 = -2*b. Calculate the remainder when a is divided by 5.
1
Suppose 5*s - 5 = -3*x + 3, -2*x - 4*s = -4. Let k = 34 + -6. Suppose -17 = -u + f, -7 + k = u - 3*f. Calculate the remainder when u is divided by x.
3
Let f(s) = -s**3 + 19*s**2 + 34*s + 200. What is the remainder when 5501 is divided by f(21)?
29
Suppose 32*w - 1176 = -10*w. What is the remainder when 240 is divided by w?
16
Let m = 669 - 604. Calculate the remainder when 85 is divided by m.
20
Let m(v) = -v**3 - 5*v**2 - 2*v - 4. Let h be m(-4). Let i = 21 - h. Let a(q) = q**2 + 5*q - 2. Calculate the remainder when i is divided by a(-7).
9
Let g(d) = -14*d + 2 + 6 - 9 + 6*d. Let c = -3 + 0. Calculate the remainder when g(c) is divided by 3.
2
Suppose -43*c + 348 = -14*c. What is the remainder when 490 is divided by c?
10
Let r(l) = l**3 + 5*l**2 - 4*l + 7. Let v = 218 + -165. What is the remainder when v is divided by r(-5)?
26
Suppose 3*t + 187 = 4*q, 188 - 69 = 3*q + 2*t. What is the remainder when q is divided by 15?
13
Let y(t) = -2*t**2 - 5*t + 13. Let v(b) = 4*b**2 + 10*b - 27. Let u(l) = -6*v(l) - 13*y(l). Let d = 12 - 17. What is the remainder when u(d) is divided by 10?
8
Let m be 12/(-9)*(-1 + 5 - 10). What is the remainder when 7 is divided by (6 + 9/(-6))/(6/m)?
1
Let q be (-6)/(-3) + -4 + -22 + 0. Let x = 47 + q. Calculate the remainder when x is divided by 4.
3
Suppose l - 28 = 2*g, 0*l + 66 = -4*g - 3*l. Let t = 20 + g. Suppose 5*y + 3*n - 2*n - 33 = 0, 3 = y + 2*n. Calculate the remainder when y is divided by t.
2
Let w = 25 - 21. Suppose -3*z + 6*r = 8*r - 86, -5*z - w*r + 140 = 0. What is the remainder when z is divided by 11?
10
Suppose -p + 7 - 3 = 0. Suppose 67 + 189 = p*s. Calculate the remainder when s is divided by (2/5)/((-1)/(-55)).
20
Calculate the remainder when 37 is divided by (-2)/5*(-9 - 1001/26).
18
Let c = 496 + -447. Calculate the remainder when c is divided by 14.
7
Let v(l) = -l**2 - 30*l + 393. Calculate the remainder when v(9) is divided by 8.
2
Suppose u - 2 = 0, -12*c + 13*c + u - 40 = 0. What is the remainder when 47 is divided by c?
9
Let x(p) = p. Let c(r) = 5*r**2 + 3*r. Let n(q) = c(q) - 4*x(q). Suppose 3*z + 26 = 92. What is the remainder when n(3) is divided by z?
20
Let m = 189 - 196. Suppose 0*t + 240 = -4*t. Let g = m - t. Calculate the remainder when g is divided by 14.
11
Let f be (1 + 2)*17 + -1. Suppose -a - 2*s - f = -5*a, 4*a - 4*s - 48 = 0. Let x(g) = 5*g - 10. What is the remainder when a is divided by x(3)?
3
Suppose -43*t + 38 + 226 = -37. Let p(v) = v**3 - 2*v**2 - 5*v + 6. Let x be 2 - (-3 + (0 - -1)). What is the remainder when p(x) is divided by t?
4
Let d = -17484 + 17520. Calculate the remainder when 352/5 - 2/5 is divided by d.
34
Suppose 274 - 1814 = -22*p. Calculate the remainder when p is divided by 15.
10
Let c = 15 + -11. Suppose -m - c*m = -40. Calculate the remainder when (9 + 16)*m/5 is divided by 14.
12
Let m be ((-15)/(-30))/((-1)/14). Let l = m + 13. Let g = l - -5. Calculate the remainder when 54 is divided by g.
10
Suppose p - l = -5*l + 149, 185 = p - 5*l. Calculate the remainder when p is divided by 46.
27
Let g(w) = 2*w**2 + 7*w - 7. Let k = -23 + 26. Let h(f) = f**2 + 7*f - 6. Let a(t) = k*h(t) - 2*g(t). Calculate the remainder when 20 is divided by a(4).
4
Let i(r) = 4*r - 141. Suppose -2*l = 2*l - 8. What is the remainder when -50*(-1)/l - -2 is divided by i(37)?
6
What is the remainder when (4/(-6))/(18/(-1998)) is divided by 28?
18
Let o = 61 + -57. Let f(y) = y**3 + 6*y**2 - 9*y - 4. Let s be f(-7). Let g = 20 - s. Calculate the remainder when g is divided by o.
2
Let t = 33 + 0. Calculate the remainder when t is divided by 4.
1
Let s = -4 + 8. Let c(x) = -6*x**2 + 7*x**2 + x**2 + x - 5. Calculate the remainder when c(s) is divided by 8.
7
Suppose q = 4*q + 60. Let y = -13 - q. Calculate the remainder when y is divided by 0/((-24)/(-8)) + (1 - -4).
2
Suppose 0 = 14*q - 4*q - 2360. Suppose r - 3 = 0, 4*p = 2*r + q + 34. Calculate the remainder when p is divided by 10.
9
Suppose 3*j + 2*v - 4 = 18, 4*j - 4*v - 36 = 0. What is the remainder when j is divided by 1?
0
Let h = -692 + 494. What is the remainder when (-39960)/h - (-2)/11 is divided by 29?
28
Suppose 4*l + 5*a = 54, -2*l + 4*a = 2*l - 36. Let r = l - -44. Calculate the remainder when r is divided by 29.
26
What is the remainder when 9 is divided by (-87)/(-18) - 22/(-132)?
4
Suppose 2*z - 105 = -87. What is the remainder when z is divided by 6?
3
Let j(t) = 3*t**2 - 2*t + 16. Let r be j(8). Let f = r - 140. Calculate the remainder when f is divided by (-1)/(52/54 + -1).
25
Let b(d) = 1 - d + 0 + 15. What is the remainder when 5 is divided by b(15)?
0
Suppose 3*s + 4 + 14 = 0. Let c(w) = 2*w + 8. Let j be c(s). What is the remainder when 8 is divided by (-2)/8 + (-13)/j?
2
Let y = -1102 - -1139. Suppose 6 = 2*g - 14. Calculate the remainder when y is divided by g.
7
Suppose 321 - 867 = -3*k. Let n = k + -122. Suppose 3*w - 53 = 2*u, -w - 46 = -2*w - 5*u. What is the remainder when n is divided by w?
18
Let o(q) = 3*q + 35. Calculate the remainder when o(0) is divided by 6.
5
Calculate the remainder when 7/(-35) - (-9528)/40 is divided by 77.
7
Let f(m) = -287*m + 976. What is the remainder when 237 is divided by f(3)?
7
Suppose 28*r - 2710 = 18*r. What is the remainder when r is divided by 11?
7
Let n(v) = 2*v**2 + 2*v - 5. Suppose 0 = 7*y - 21. Calculate the remainder when n(y) is divided by 4.
3
Let h(x) = x - 2. Let g be h(5). Let u = g + 1. Suppose -51 = 9*d - 13*d + j, -5*j + 21 = 3*d. What is the remainder when d is divided by u?
0
Let i(m) = 3*m**2 + 26*m + 12. Calculate the remainder when 79 is divided by i(-9).
16
Suppose 0 = 10*t - 106 - 64. Calculate the remainder when 151 is divided by t.
15
Let h(v) = -v**2 + 2*v + 13. Calculate the remainder when 249 is divided by h(-2).
4
Let z(l) = l**2 + 7*l + 8. Let r be z(-6). Suppose r*u - 5*g - 8 = 0, -g - 8 = -4*u + 2*u. What is the remainder when (-1 - 51)*(-3)/12 is divided by u?
1
Let q(n) be the first derivative of -13/2*n**2 - 10 - 5*n. Calculate the remainder when 135 is divided by q(-3).
33
Suppose -4*k = 3*n - 73, 12*n - 5*k - 118 = 8*n. What is the remainder when n is divided by 4?
3
Let o = 13 - -28. Let y(h) = 2*h - 5. Let f be y(5). Suppose 0 = f*m - 64 - o. Calculate the remainder when 40 is divided by m.
19
Let y(k) = -k**3 - 17*k**2 + 32*k + 95. What is the remainder when y(-20) is divided by 41?
40
Let f(l) = 4*l + 8. Let u = -19 - -23. Suppose u*v - 20 = 16. What is the remainder when f(v) is divided by 15?
14
Let m(v) = v**2 + 5*v - 21. What is the remainder when 177 is divided by m(4)?
12
Let a = -10 - -38. Calculate the remainder when 151 is divided by a.
11
Let d(v) = 0 - v**3 + 3*v - 2*v**2 + 2 - 4 + 3. Calculate the remainder when 39 is divided by d(-4).
18
Let m(s) = -s**2 + 2*s + 11. Let q = -7 - 5. What is the remainder when q*4*(-8)/12 is divided by m(0)?
10
What is the remainder when -1 - (126 - 10)*(-50)/8 is divi